= 2*n - 47 - 51. Let l = n + -14. What is the remainder when l is divided by 18?
17
Let d(y) = -y**3 + 5*y**2 - 4*y + 4. Let u = -1 + 15. Let f = u + -10. Calculate the remainder when d(3) is divided by f.
2
Let d(z) = 7*z - 229. What is the remainder when d(40) is divided by 27?
24
Suppose 9*m = 7*m + 194. What is the remainder when m is divided by 5?
2
Let t(j) = -j**3 + 7*j**2 + 2*j - 7. Let r be t(7). Suppose r*c - 975 = 26. What is the remainder when c is divided by 29?
27
Let g be 3 + 3*(-17)/(-3). Let q = 39 - g. Calculate the remainder when q/((-3)/(6/(-2))) is divided by 4.
3
Suppose 0 = -0*z + z + h, -5*z + 3*h + 40 = 0. Let j = z + -4. Let a(s) = -s**2 - 6*s + 17. Calculate the remainder when j is divided by a(-8).
0
Let z be 120/(-35)*(-21)/2. Let s(g) = g**2 - 6*g - 8. Let r be s(6). Let w = z + r. Calculate the remainder when 55 is divided by w.
27
Suppose 170 = 11*g + 6*g. Suppose g*b - 1024 = -54. Let s = 4 + 21. Calculate the remainder when b is divided by s.
22
Suppose v = -15 + 20. Suppose 1 = -k, -v*d - 5*k + k = -341. What is the remainder when d is divided by 35?
34
Let x(d) = -19*d + 15. Let u be x(-3). Let i = u + -69. What is the remainder when 15 is divided by i?
0
Let m(p) = p**3 + 14*p**2 + 4*p - 24. Calculate the remainder when m(-10) is divided by 34.
30
Let c(j) = 28*j - 27. Calculate the remainder when 173 is divided by c(2).
28
Let p be 3 + 2*(-4)/(-4). Suppose p*x + 92 = 7*x. Calculate the remainder when x is divided by 16.
14
Let w = 331 - 259. What is the remainder when w is divided by 54?
18
Let f = -66 - -144. Let h(z) = -z**2 - 5*z. Let n be h(-4). Let w = 12 + n. What is the remainder when f is divided by w?
14
Suppose 5 = -12*a - 7. What is the remainder when a + 1500/22 - (-44)/(-242) is divided by 14?
11
Let s(d) = d**3 - 24*d**2 + 10*d - 19. What is the remainder when s(24) is divided by 32?
29
Suppose 2*z + 20 = 4*p - 8, p = -2*z - 18. Suppose -30 = 2*m - 7*m. Calculate the remainder when 4*z*(-9)/24 is divided by m.
3
Suppose -9 - 5 = -2*i. Suppose 2*y - 4*w + 3 = -3, -3*y + 2*w + i = 0. Suppose 648 = 31*a + 5*a. Calculate the remainder when a is divided by y.
3
Suppose -3*j - 2*z + z = -32, 14 = j + z. Suppose -5*n + 47 + 33 = 0. What is the remainder when n is divided by j?
7
Calculate the remainder when -24*(4/10 - 1463/220) is divided by 17.
14
Let d = 8 + -3. Suppose 5*r - w - w - 52 = 0, -w = -d*r + 56. Suppose 4*q = 145 - 5. What is the remainder when q is divided by r?
11
Suppose -4*o + 66 = 3*l, -4*o + 9 = -4*l - 71. Let i be -12 - (0 + 0 + 0). Let j = 17 + i. What is the remainder when o is divided by j?
3
Let o(s) = -10*s + 3. Let r be (-3 + 5 - -8)*2. Suppose 0 = -y + c, y + 5*c = 2*c + r. What is the remainder when o(-1) is divided by y?
3
Let l(o) = 16*o**2 + 13*o + 13. What is the remainder when l(-3) is divided by 52?
14
Let f(i) = 2*i**2 + 2. Let l be f(-8). Suppose -100 = 4*q - 2*k, -5*k = -2*q - 3*q - l. Let y = q + 47. Calculate the remainder when y is divided by 6.
5
Suppose 7*d = -3*a + 2*d + 677, -4*d - 1079 = -5*a. What is the remainder when a is divided by 56?
51
Let y(w) = -w**2 - 17*w - 22. Let i(f) = f**3 + 5*f**2 + 4*f + 2. Let n be i(-5). Let c be (n - -4) + (-3)/3. What is the remainder when 30 is divided by y(c)?
6
Let s(v) = 2 - 2*v + 0 + v**3 - 10*v + 12 - 10*v**2. Calculate the remainder when (0 - (-1 - -3)) + 7 is divided by s(11).
2
Calculate the remainder when 5 - (-5 + -220 + 6) is divided by 38.
34
Let p = 182 - 306. Suppose -6*r + 19 = -11. What is the remainder when p/(-7) + (-4)/(-14) is divided by r?
3
Let r = 171 + -152. What is the remainder when 169 is divided by r?
17
Let g(t) = -t**2 + 8*t - 5. Let k(i) = i**2 - 5*i + 3. Let o be k(6). Let c be g(o). Let p(z) = -z - 7. Calculate the remainder when 19 is divided by p(c).
5
Let r = -11 - -19. Calculate the remainder when 74 is divided by r/252*9 - (-346)/14.
24
Let a(c) = 2*c**2 + 17*c - 8. Let j(k) = -9*k + 10. Calculate the remainder when a(-13) is divided by j(-2).
25
What is the remainder when 160 is divided by 18 + 1 - (74 - 70)?
10
Let d = -14 - -12. Let w be ((-69)/d)/((-9)/(-12)). Suppose -w - 82 = -4*z. What is the remainder when z is divided by 17?
15
Calculate the remainder when 234 is divided by 41 + 7 + (0 - 1).
46
Suppose -3*d - 3*u + 229 + 167 = 0, -4 = 2*u. What is the remainder when d is divided by 76?
58
Let w = -448 - -495. Suppose -4*j - 90 = -j + 3*q, 3*j = 2*q - 105. Let u = j + w. What is the remainder when u is divided by 8?
6
Let j(q) = 9*q**3 - q**2 - q - 1. Suppose -30*v = -2*v - 644. What is the remainder when j(2) is divided by v?
19
Suppose -9*i = -10*i + 3. Suppose 0 = 4*d + 135 - 1023. Suppose -d = -i*y - 93. Calculate the remainder when y is divided by 11.
10
Suppose 4*a + a = 305. Let y = -46 + a. Calculate the remainder when 72 is divided by y.
12
Let w be 34/(-5)*45/(-18). Suppose 22*c = w*c + 140. What is the remainder when c is divided by 18?
10
Suppose 143*t = 137*t + 1656. Calculate the remainder when t is divided by 10.
6
Suppose 3*o - 12 = -0*o. Let l = -471 - -573. What is the remainder when 48 is divided by 24/36*l/o?
14
What is the remainder when 36 is divided by 93/30 - -5 - (-1)/(-10)?
4
Suppose 0*w + w = -4*p + 195, -5*w - 3*p + 907 = 0. What is the remainder when w is divided by 13?
10
Suppose -2*x = 3 + 3. Let k = x + 8. Suppose -24*a + 60 = 4*t - 22*a, 0 = -4*t + 4*a + 36. Calculate the remainder when t is divided by k.
3
Let r(u) = -u**2 - 8*u - 5. What is the remainder when 472 is divided by r(-4)?
10
Let n be (-2652)/(-26) - (0 + 4). Suppose -b + 3*b - n = 0. Calculate the remainder when b is divided by 26.
23
Suppose 0 = 2*s + s - w - 19, 3*s - 4*w - 22 = 0. Suppose -3*h = -4*h + 11. Let l = h + s. Calculate the remainder when l is divided by 9.
8
Let k(r) = -3*r + 6. Let j be k(4). Let o be (-1 + (-1 - 0))*j. Calculate the remainder when 29 is divided by -6*(-1 + (-4)/o).
5
Calculate the remainder when 122 - (3 - (-5)/((-15)/(-3))) is divided by 47.
24
Suppose -2 = 2*m - 14. Suppose -3*a - 3*s + m = 0, -5*s = -a + 19 + 7. Let f = 987 - 964. What is the remainder when f is divided by a?
5
Suppose -2*v + 37 = 3*p, -v - 3 + 11 = -2*p. Suppose 10*y = v*y - 88. Calculate the remainder when 41 is divided by y.
19
Let q(m) = -50*m**3 + 3*m**2 - 2*m + 4. Let h be q(2). Let c be 2/(-8) + h/(-16). Suppose 7*z - c - 130 = 0. What is the remainder when 85 is divided by z?
19
Let f = -32 - -32. Suppose 19*b - 14*b - 295 = f. What is the remainder when b is divided by 15?
14
Let b(k) = 16*k - 3. Suppose -3*f + 7 + 5 = 0. Suppose g - y = 10, 2*g - f*y - 22 = -y. Calculate the remainder when b(2) is divided by g.
5
Suppose -5*v - 126 = -5*f - v, 4*f = 3*v + 100. Let z(r) = -6*r + 193. Calculate the remainder when f is divided by z(31).
1
Let m be 6/(-4)*78/(-9). Let x = 328 - 327. Let a = m + x. What is the remainder when a is divided by 9?
5
Let g(q) = -q**3 - 15*q**2 + 14*q - 10. What is the remainder when g(-16) is divided by 13?
9
Let b(m) = 6*m**2 + m + 3. Let r be b(4). Let l = r + -24. Calculate the remainder when l is divided by 20.
19
Let m = -115 + 187. Calculate the remainder when m is divided by 19.
15
Suppose -2*s = -s - 2*f - 25, 3*s = -5*f + 20. Let b(n) = -5*n**2 - n + 3. Let d be b(-2). Calculate the remainder when (1 - -144)*(-6)/d is divided by s.
13
What is the remainder when (-112)/(-840) + 1453/15 is divided by 33?
31
Let a be (-4 + 13)/(-2 - -3). Suppose -2*k = -25 - a. Suppose 5*v = 4*i + 3*v - 12, -i - 3*v = -k. Calculate the remainder when i is divided by 3.
2
Suppose -8*f = f + 999. Let b = -81 - f. What is the remainder when b is divided by 20?
10
Let r = -201 - -273. Let c = 19 - -7. What is the remainder when r is divided by c?
20
Let a(v) = 21*v - 33. Let w be a(-10). What is the remainder when (8/(48/w))/(2/(-4)) is divided by 22?
15
Let z(v) = 26*v - 47. What is the remainder when z(11) is divided by 20?
19
Suppose -3*v - 75 = -4*r, 0 = 5*r - v - 0*v - 80. Calculate the remainder when 269 is divided by r.
14
Let z = 17 - 11. Calculate the remainder when (5*z/6)/(2/30) is divided by 20.
15
What is the remainder when 816 is divided by ((-13)/2*4)/(-49 - -47)?
10
Let z(s) = -9*s + 439. What is the remainder when 136 is divided b